 hundreds digit of i?
4
Let g(i) = 2*i**2 + 13*i + 68. Let s be (-1)/(-8) - (-445)/(-40). What is the tens digit of g(s)?
6
Suppose 0 = -3*l - 6*s - 0*s + 21696, 4*s = -5*l + 36136. What is the tens digit of l?
2
Let y = -33616 + 68189. What is the tens digit of y?
7
Suppose -f = 5, 3*q - q - 2*f = 112. Let i = -49 + q. What is the units digit of i + 22/(-14) + 403/7?
8
Let y = 17530 - 4431. What is the thousands digit of y?
3
Suppose 3560 + 765 = -5*h. Let g = -49 - h. What is the tens digit of g?
1
Let o(h) = 5*h**2 - 116*h + 76. Let y(d) = 2*d**2 - 39*d + 25. Let m(c) = -3*o(c) + 8*y(c). What is the hundreds digit of m(11)?
4
Suppose -8*a - 4*v - 22348 = -10*a, 0 = 2*a - v - 22363. What is the hundreds digit of a?
1
Suppose 2*a + 8 = -0*a. Let o be -4 - (-10 - 3) - a. What is the tens digit of -3 - o*(0 - 3)?
3
Suppose 5*r - 40 = 5*a, -3*a - 3 = -r + 5. Suppose r*q = 16*q + 416. What is the tens digit of (33/22)/((-3)/q)?
2
Suppose 0 = 3*n - 3 - 3. What is the tens digit of (-10)/(-6)*n*(-138)/(-4)?
1
Suppose 14*u = 322345 + 160991. What is the thousands digit of u?
4
Let o be (-9)/45 - 52/(-10). Suppose -2*g - 2*v + 26 = 2*v, -o*v + 37 = 4*g. Suppose g*c = -4*l + 688, 0*l = 2*c + 3*l - 458. What is the units digit of c?
2
Suppose -38 = 3*l + 5*u, -19*u + 16*u = -5*l - 18. Let r be 0 - -2 - -1*26. What is the units digit of r/l*(-1134)/49?
8
Let c be 9/(-54) - (-55)/6. Suppose c = t + 3. Let b(w) = 13*w - 7. What is the units digit of b(t)?
1
Let v(h) = h**2 + 3*h - 1. Let i be v(-6). Let x be (-5 - i)*(-3)/(-2). What is the tens digit of 2/11 - (2634/x + 0)?
8
Suppose -9*f + 3527 = -6166. Suppose -f = 15*x + 168. Let z = x - -210. What is the hundreds digit of z?
1
Suppose 42768 = 11*l - 44. What is the thousands digit of l?
3
What is the units digit of (-11 - -16 - 36/3 - 4251)*-1?
8
Let i be (68/51)/(2/1773). Suppose -j = 4*z + 4*j - i, 5*j - 10 = 0. What is the tens digit of z?
9
Suppose 0 = -t + 5*t. Suppose 0 = -0*m + 4*m - 3*w - 22, t = w + 2. Suppose -2*u + 0*l + 2*l + 264 = 0, 538 = m*u + l. What is the units digit of u?
4
Let m be ((-8)/10)/(4/30*-3). Suppose 7 = -d - 3*q, -m*q = -4*d - q + 11. What is the tens digit of d - (-29 + -2 - -3)?
3
What is the hundreds digit of (-1 - -816)/(-9*3/(-27))?
8
Let h(i) = -i**2 - 35*i - 4. Let p be h(-28). Suppose 5*l = -4*k + p, 7*l + 99 = 10*l - 3*k. What is the tens digit of l?
3
Let t be (-33)/99 + (-4)/(-3). Suppose -2*o + 1 = 3. What is the units digit of 10 - -154 - t*o?
5
Suppose 0 = i - 10719 + 109. Suppose -31*v + 5727 + i = 0. What is the tens digit of v?
2
What is the tens digit of ((-183205)/(-110))/((-1)/(-2))?
3
Suppose 0 = c - 134*s + 138*s - 8077, 16154 = 2*c + 5*s. What is the tens digit of c?
7
Suppose 0 = 4*t - m - 1190, -9*t + 14*t - 1492 = -m. Suppose q - t = 19. What is the tens digit of q?
1
Suppose -4*h - 2146 = -2*n, -h + 3184 = -0*n + 3*n. Suppose 0 = -5*w - 122 - n. Let a = w + 375. What is the hundreds digit of a?
1
Let k(g) = -g**2 + 1. Let p(c) = -c**3 + 14*c**2 + 32*c + 74. Let r(n) = -k(n) - p(n). What is the units digit of r(17)?
7
Let o = -55 + 55. Suppose o = n + 3, 0 = 4*p - 3*n + n - 18. Suppose p*s - 544 = -s. What is the hundreds digit of s?
1
Let c be 54989/22 - 2/(-4). Suppose -4*n = -3*h + c, -3*h - 13*n + 10*n = -2493. What is the hundreds digit of h?
8
Let v(h) = h**3 + 5*h**2 + 8*h - 9. Let g be v(-5). Let x = g - -49. Suppose 5*i - 160 = 2*d - 5*d, x = -5*d + i + 304. What is the units digit of d?
0
Let f(u) = u - 6. Let p be f(0). Let l be 2 - 0/(4 + p). What is the tens digit of 96/(l/1) + 3?
5
Suppose -7961 = -3*c + 7014 - 2720. What is the hundreds digit of c?
0
Let t be 6 - ((-4 - -5) + 2). Let d be 0 - (-7)/t - 2/6. Suppose -393 = -4*q - 3*c, -d*c + 127 = q - 7*c. What is the units digit of q?
2
Suppose 24357 = 4*f - o, 9*f - 6*f - 2*o - 18264 = 0. What is the tens digit of f?
9
Let z = 34731 + 1461. What is the thousands digit of z?
6
Let d = 38 - 33. Suppose -l + 137 = d*o - 26, o + l = 31. Suppose -26*u + o*u - 210 = 0. What is the units digit of u?
0
Suppose -4*c - 4894 - 3702 = -4*n, -10753 = -5*n + 3*c. Let m = -1307 + n. What is the hundreds digit of m?
8
Suppose -k = -i + 77, 150 = -0*i + 2*i + 2*k. Let g = 69 - i. Let b(r) = -30*r + 27. What is the units digit of b(g)?
7
Let c(l) = -3528*l - 1734. What is the ten thousands digit of c(-10)?
3
Suppose 0 = -35*g + 230444 + 361686. What is the ten thousands digit of g?
1
Suppose 4*r = 2*p + 6, 0*r - 3*p = 2*r + 17. Let u(o) = o**2 - o - 1. Let d(g) = -9*g**2 - 4*g - 9. Let t(a) = r*d(a) + 6*u(a). What is the units digit of t(2)?
9
What is the units digit of (0 + 1 + (3179 - 10))*1?
0
Let q(d) = 122*d + 280. What is the thousands digit of q(8)?
1
Let w be (12*-3)/(-6) - 35. What is the hundreds digit of (-8 + 1 - 87/w) + 443?
4
Let m(v) = -40*v**3 - 20*v**2 + 29*v - 54. What is the units digit of m(-10)?
6
Let i = 61 + -56. Let y(b) = -b**3 + 10*b**2 + b - 6. Let n be y(8). Suppose i*m - n = 3*m. What is the units digit of m?
5
Suppose -195*g + 198*g + 2769 = 0. Let y = -646 - g. What is the tens digit of y?
7
Let a = -19 - -15. What is the tens digit of 6/a*(-77 - -1)?
1
What is the thousands digit of -6 - (8 - (-10198)/(10 + -11))?
0
Let g be 0/(3/(-21) - 90/(-42)). Suppose -5*c - 6 - 94 = g. What is the units digit of (-450)/c*(-42)/(-5)?
9
Let d be -1 + (-1 - -1) + 1. Suppose -52*i + 76 = -33*i. Suppose i*n - 246 = 3*a - 32, a - 2 = d. What is the units digit of n?
5
What is the units digit of (-2)/(4/18) + (-1828624)/(-232)?
3
Suppose -14*p + 464689 = 18*p + 15*p. What is the thousands digit of p?
9
Let w(o) = o**3 + 6*o**2 - 20*o - 12. Let n be w(-8). Suppose 4*r = -n, 4*b - 135 - 298 = r. What is the hundreds digit of b?
1
Let w = 4261 - 3065. What is the units digit of w?
6
Suppose -3*o = 4*t - 28185 - 74026, -5*t - 102229 = -3*o. What is the tens digit of o?
7
Let x(l) = -415*l + 433. What is the ten thousands digit of x(-32)?
1
Let r(v) = 2*v**2 - 13*v + 11. Suppose 8*z - 66 = 398. Let i = -49 + z. What is the tens digit of r(i)?
5
Suppose -2538*r = -2529*r - 361737. What is the hundreds digit of r?
1
What is the ten thousands digit of (7 - 14*(-62142)/36) + (-2)/(-3)?
2
Suppose 21*a - 20*a = 5*h + 5289, 21246 = 4*a - 5*h. What is the hundreds digit of a?
3
Suppose -6*q + 2662 = 5*v - 5*q, 0 = -5*v - 2*q + 2664. Let k = -330 + v. What is the tens digit of k?
0
Suppose -14*o - 3958 = -16*o + m, -3978 = -2*o - 4*m. What is the thousands digit of o?
1
Let n(d) be the second derivative of -d**5/20 - 11*d**4/12 + 7*d**3/3 - 13*d**2 + 1055*d. Let q = 2 + -15. What is the units digit of n(q)?
0
Let j = -455 - -485. What is the thousands digit of 51655/j - 75/90?
1
Let w(c) = 2*c + 1. Let r be w(-4). Let b(p) be the first derivative of -5*p**2 - 43*p - 492. What is the tens digit of b(r)?
2
Let d = 36 - 29. Suppose 6*j + 4 = d*j. Suppose j*k = 3*k + 7. What is the units digit of k?
7
Let q be (-70)/(-2) + (0 + 4 - 1). Suppose 2*n + 4*f - 632 = 0, -2*n + 670 = 3*f + q. Suppose -6*i = -3*y - 7*i + n, i - 108 = -y. What is the units digit of y?
4
What is the thousands digit of 7/((-7)/(-2))*1634?
3
Let i = 48 - 38. Let b = i + -70. Let z = b + 90. What is the tens digit of z?
3
Let h be 549/4 - (-2)/(-8). Let t be (-3)/(-4) - ((-3400)/32 + -38). Let i = t + h. What is the tens digit of i?
8
Suppose 0 = -20*t + 15*t + 9*t - 104544. What is the tens digit of t?
3
Suppose -4*b + 4*n + 1436 = 0, -2*b + 3*n = -463 - 252. Let m be 49/28 + 2 + 1/4. Suppose -4*d + 172 = -r + 3*r, m*r - d = b. What is the tens digit of r?
9
Let l = 40 + -38. Suppose a + 220 = 3*a - 2*k, l*a - 3*k = 224. Suppose a = -12*f + 13*f. What is the units digit of f?
6
Suppose -5*l + 59941 = 4*q, -53*q = -50*q - 8*l - 44991. What is the units digit of q?
9
Suppose 47*p - 109*p = -961496. What is the ten thousands digit of p?
1
What is the thousands digit of -1 + 4 + (-76 - -16167)?
6
Let v(m) be the first derivative of m**4/4 - 8*m**3/3 + 4*m**2 - 9*m - 3. Let k be v(5). Let n = k - -106. What is the tens digit of n?
6
Suppose 42 = 3*u + 888. Let i be (-172)/(-43)*2/(-8). What is the units digit of (-3 - u/(-3))/i?
7
Let s(r) = 2*r**3 + 43*r**2 - 22*r. Suppose 266 = -12*d + 2. Let z be s(d). Suppose -5*t + 66 + 14 = 